 -0*r - 2*r - 6. Suppose l + h = 1, 3*l + 7 = 4*l - h. What is the remainder when l is divided by 1 + r/((-3)/2)?
1
Suppose -12 + 5 = k - 5*x, 0 = -4*k + 4*x + 52. Calculate the remainder when 29 is divided by k.
11
Let u(g) = 56*g - 137. What is the remainder when u(4) is divided by 78?
9
Let j be 6/(-4) - 135/6. Let z be (-4)/(j/(-9))*-132. Suppose 32 = 5*k - z. What is the remainder when k is divided by 12?
10
Suppose 101 = 5*z - 119. Suppose -47*o = -14*o - 495. What is the remainder when z is divided by o?
14
Let j(n) = 0*n - 2*n + 10 + 3*n. Suppose -4*q + 16 = -2*q. Calculate the remainder when j(3) is divided by q.
5
Let s(o) = 2*o**2 + 2*o - 1. Let p be s(1). Suppose -p*z - 6 = -z. Calculate the remainder when 21 is divided by ((-4)/5)/(z/30).
5
Let p(z) = 6*z - 7. Let a(t) = -t**3 - t**2 - 2*t - 3. Let r = 10 + -12. Let v be a(r). Calculate the remainder when 66 is divided by p(v).
20
Suppose 0 = -4*d + 4*n - 8, 4*d = 2*d + 4*n - 6. Let w = d - 10. Calculate the remainder when 17 is divided by (10/(-4))/(w/22).
2
Let v(g) = -g**2 + 6*g + 1. Let s be v(4). What is the remainder when 10/1*s/5 is divided by 4?
2
Suppose -2*r + t + 19 = 0, -2 = 4*r + 4*t - 22. Let d = 14 - r. What is the remainder when 32 is divided by d?
2
Let i(h) = h - 3. Let r be i(3). Suppose 197 = 3*j - 5*t, r*j - 126 = -2*j + 2*t. Calculate the remainder when j is divided by 16.
11
Suppose 0 = -4*p - p - 3*c + 139, -2 = c. What is the remainder when 316 is divided by p?
26
Let m(n) = 2*n. Let x be m(-11). Let z = -4 - x. Let s = 31 - z. What is the remainder when 76 is divided by s?
11
Let m(p) = p**3 - 7*p**2 - 5*p - 15. What is the remainder when m(9) is divided by 35?
32
What is the remainder when (-28)/(13 - 6) + 30 is divided by 3?
2
Suppose 3*k + 387 = 1677. What is the remainder when k/35 - 2/7 is divided by 5?
2
Suppose s + d + 31 = 3*s, 4*s + 5*d = 55. Let a = s + 42. Calculate the remainder when a is divided by 118/10 - (-2)/10.
9
What is the remainder when 58 is divided by (30/(-9))/(5/(75/(-10)))?
3
Let n(g) = g**3 + 16*g**2 - 20*g - 14. Calculate the remainder when n(-17) is divided by 9 - 2/1 - -1.
5
Let c(v) = -57*v**2 - v. Let t be c(1). Let f = t + 83. Calculate the remainder when f is divided by 10.
5
Let k(y) = 20*y**2 - 4*y - 6. Suppose -4*r + 7 + 61 = 0. What is the remainder when k(-2) is divided by r?
14
Suppose 12*p + 20 = 7*p. Calculate the remainder when 41 is divided by (-3 + 4/(-8))*p.
13
Suppose 54 = -3*u + 6*u. Suppose 14*z - 14 = -z + 496. Calculate the remainder when z is divided by u.
16
Let q(i) = 135*i - 32. What is the remainder when q(2) is divided by 40?
38
Let b = 0 - -5. Suppose -y + 6 = -3*d, -3 - b = -2*y + 2*d. Suppose -30 - 63 = -y*g. What is the remainder when g is divided by 11?
9
Let f(z) = -5*z + 32. Calculate the remainder when f(-15) is divided by 22.
19
Calculate the remainder when 2/24 + (-13777)/(-276) is divided by 7.
1
Suppose 0 = -3*z - 12, 0*u - 2*u + 5*z = -310. What is the remainder when u is divided by 60?
25
Let o(j) = -2*j**2 + 12*j - 13. Let v be o(8). What is the remainder when (36/10)/(((-42)/v)/7) is divided by 15?
12
Suppose -j + 0*j + 36 = 0. Let i(n) = -n**2 + 13*n - 9. What is the remainder when j is divided by i(11)?
10
Let r(l) = -5*l**3 + 44*l**2 - 34*l - 24. Let i(j) = j**3 - 9*j**2 + 7*j + 5. Let d(p) = -11*i(p) - 2*r(p). Calculate the remainder when 11 is divided by d(10).
2
Let f be -1 + -1*((-6)/3 + -1). Calculate the remainder when 11 is divided by 4/6*3 + f.
3
Let x = -158 + 222. Let h(z) = -4*z - 19. Calculate the remainder when x is divided by h(-13).
31
Let k(g) = -g**3 - 4*g**2 + 5*g + 7. What is the remainder when 1/((3 + -10)/(-182)) is divided by k(-5)?
5
What is the remainder when 1619 is divided by (30/(-1))/((8/(-6))/4)?
89
Suppose 16*y = 354 + 478. Calculate the remainder when 94 is divided by y.
42
Let q(n) = -11*n - 5. Let f be q(9). Calculate the remainder when 5*(12 - (-3 + 5)) is divided by 9/(-6)*f/6.
24
Suppose -3*x + 7*x = 4. Suppose 0 = 3*n + 10 - x. What is the remainder when 1 is divided by (36/(-24))/(n/2)?
0
Let t(q) = q**3 - 14*q**2 - 11*q - 8. Let r be t(15). Let a = -39 + r. What is the remainder when 28 is divided by a?
2
Let a(h) = 5*h**2 - 1 - 2*h**2 + 4 - 2*h**2. Suppose 14 + 25 = 5*w - m, 0 = -w + 4*m + 4. What is the remainder when w is divided by a(0)?
2
Let x = 385 - 364. What is the remainder when 230 is divided by x?
20
Let o be (-3)/((-9)/21)*2. Let m = -10 + o. Suppose 2*c = 4*a - 34, 0 = -m*a - 3*c + 12 + 27. Calculate the remainder when 17 is divided by a.
8
Let y = 53 + -16. Suppose 4*j = 9*j. What is the remainder when y is divided by 40/4 - j/(-1)?
7
Let q(x) = x**3 - 14*x**2 - 17*x + 1. Let s be q(15). What is the remainder when 63 is divided by 0 + 1 + 2 - s?
31
Let b(c) = -c**3 - 9*c**2 - 6*c + 16. Let h be b(-8). Suppose 3*m - 2*m - 7 = h. Calculate the remainder when 27 is divided by m.
6
Suppose 4*x = -4, -2*x - 127 = -4*d + x. What is the remainder when 103 is divided by d?
10
Let g = 52 - 50. Suppose -5*c + g*b = -411, c = 5*c + 5*b - 309. What is the remainder when c is divided by 21?
18
Let q(o) = -2*o**3 + 57*o**2 - 29*o + 57. Calculate the remainder when 107 is divided by q(28).
20
Calculate the remainder when 167 is divided by (-9366)/(-210) + 4/10.
32
Let j = 178 + -117. Suppose 4*z = 4*d - 156, 3*z - 2*z = -2*d + 90. Let l = j - d. Calculate the remainder when 87 is divided by l.
15
Let f be 5 + (-7)/((-21)/(-6)). Suppose -522 - 522 = -f*i. Suppose 4*g - i = -2*x, -2*g - 2*x + 204 - 28 = 0. Calculate the remainder when g is divided by 22.
20
Suppose -114 = -4*f + 42. What is the remainder when 155 is divided by f?
38
Let g(p) = 7*p**2 - 19*p - 23. Let w(l) = 13*l**2 - 38*l - 47. Let h(o) = 11*g(o) - 6*w(o). What is the remainder when h(17) is divided by 22?
19
Calculate the remainder when 3/((10/2225*-5)/(-2)) is divided by 39.
33
Let o(m) = m**3 - 12*m**2 + 11*m + 14. Calculate the remainder when 55 is divided by o(11).
13
Let n(d) = -8*d - 55. Suppose 0 = 5*a - 4 - 6. Calculate the remainder when n(-8) is divided by a.
1
What is the remainder when (-15)/2*-30 - (0 - -2) is divided by 45?
43
Let r = -1351 + 1381. Calculate the remainder when 234 is divided by r.
24
Let a(z) = z**3 - 4*z**2 - 6*z + 9. What is the remainder when (255 - -1)*37/74 is divided by a(6)?
38
Let q(o) = o**3 + 5*o**2 - 12*o + 13. Calculate the remainder when q(-5) is divided by 15.
13
Suppose -4*q = -3*q - 50. Let m = q + -28. Let j(c) = 17*c + 184. Calculate the remainder when j(-7) is divided by m.
21
Suppose 175 = -14*d + 19*d. What is the remainder when 50 is divided by d?
15
Suppose 3 - 27 = -v. Let s be 11/6 + 4/v. Suppose 2*i + s*i - 4 = 0, -2*i = 2*q - 10. What is the remainder when 4 is divided by q?
0
Let y = -4120 - -4129. Let b(d) = 6*d**2 - d + 2. Let g(h) = h**2 - 3*h - 2. Let r be g(4). Calculate the remainder when b(r) is divided by y.
6
Let z(h) = h**3 - 12*h**2 - 13*h - 3. Let i be z(13). Let n = i - -7. What is the remainder when 21 is divided by n?
1
Suppose 6*x + 4 = 4*x. Let p(d) = -2*d + 2. Calculate the remainder when (-40)/x + 8/4 is divided by p(-5).
10
Let y be 7/(-2) - 6/(-12). What is the remainder when 61 is divided by (y - 29)/(6/(-3))?
13
Suppose -4*v + 3*i + 164 = 0, 3*v - 2*i = -0*i + 122. Let o = 1039 - 698. What is the remainder when o is divided by v?
37
Suppose -6*g - 81 = -519. What is the remainder when g is divided by 26?
21
Suppose -l + 7 - 2 = -y, -y + 3*l - 3 = 0. Let s be 2/((-4)/y) - -57. Suppose 0 = -4*x + 92 + s. What is the remainder when x is divided by 13?
12
Let v(d) = -d**3 - 6*d**2 - 4*d - 3. Let z(t) = -3*t. Let r be z(2). What is the remainder when (-123)/(-9)*(15 - 12) is divided by v(r)?
20
Let o = 244 + -169. What is the remainder when o is divided by 39?
36
Let z(x) = -6*x**3 - 13*x**2 - 25*x + 17. What is the remainder when z(-7) is divided by 95?
93
Calculate the remainder when 1 + 0 + -8 + 117 is divided by 63.
47
Suppose -1188 = 19*a - 55*a. Calculate the remainder when a is divided by 22.
11
Suppose 7 + 19 = 2*o + 3*b, 4 = 2*b. Let d be o/(-4)*(-12)/15. Suppose -d*g - 12 + 46 = 0. What is the remainder when 32 is divided by g?
15
Suppose 5*z + 0 - 4 = -r, 12 = -4*z. Suppose -n = -3*j +